p?
6
Suppose 13*h - 9308 = 18005. What is the tens digit of h?
0
Let y(r) = 4*r**2 - 85. Let t be y(15). Suppose 0 = 3*l + 49 - 46, 2*i + l = t. What is the hundreds digit of i?
4
Suppose -3*j - 33 = -14*j. Let v = -52 - -53. What is the units digit of -79*(v + j + -5)?
9
Suppose 9*h + 112 = 5*h. Let r = h - -27. What is the tens digit of ((-114)/24)/(r/20)?
9
Let r be 873/4 - 4/16. Let a be (-75)/45*(0 + -2 + -1). Suppose 617 - 95 = a*m + i, 2*m + 5*i = r. What is the tens digit of m?
0
Suppose -3*v + 4*z + 16 = v, 0 = 2*v - 4*z - 6. Suppose -4*c + 2*c - 3 = v*h, 0 = 4*h + 2*c + 2. What is the units digit of 1*(-2 + h + 37)?
4
Suppose 5*b + 995 = b - 5*o, 0 = -3*b - o - 738. Let m = b - -152. Let d = -36 - m. What is the units digit of d?
7
Let f = 27 + -11. Suppose 5*s - f - 29 = 0. Suppose -291 - 1050 = -s*c. What is the units digit of c?
9
Suppose 6*k - 6034 = 23929 - 605. What is the tens digit of k?
9
Suppose -2*u + 537 = -135. Suppose 5*y + 555 = r + 3*r, -3*r - y = -421. Suppose u = 5*m + 3*x, -4*x - r = -5*m + 182. What is the tens digit of m?
6
Let s = -15546 + 54188. What is the hundreds digit of s?
6
Suppose 1613*j - 1428*j = 7973315. What is the tens digit of j?
9
Let l = -144 - -289. Suppose -12*n + 1334 = 374. Let y = l - n. What is the tens digit of y?
6
Suppose -45 + 147 = -2*b. Let h = b - 145. Let t = 327 + h. What is the units digit of t?
1
Suppose -7 - 41 = -8*j. Suppose 3 = -j*s + 57. Suppose -5*w = -s*w + 100. What is the tens digit of w?
2
Let p(n) = -14*n**2 + 8*n - 4. Let r be p(4). Let g = 173 - r. What is the units digit of g?
9
Let j = 4944 - -1022. What is the units digit of j?
6
Suppose -1 = -4*j + 19. Suppose -4329 = -j*l + 2*c, -l + 6*c = 8*c - 873. What is the tens digit of l?
6
Let a be -1*3 - (-1700)/(-4). Let k = a + 1148. What is the hundreds digit of k?
7
Let y(b) = 4*b**3 + 2*b**2 - 2*b. Let l(u) = u**2 - 18*u + 5. Let f be l(16). Let x = f + 29. What is the units digit of y(x)?
6
What is the units digit of (965/4)/((-96)/(-1536))?
0
Suppose 0 = -2*j + 8, 0*j = 3*z + 5*j - 1832. Suppose -3*q + z = 5*v + 102, -v = -3*q + 472. What is the hundreds digit of q?
1
Let n be (9/12)/(2/160). Suppose -13*g + n = -9*g. What is the tens digit of (-1192)/(-20) - ((-36)/g - -3)?
5
Suppose 0 = -a + 4 - 7, 0 = -2*s - 4*a + 2730. Let h = -11 + 11. Suppose h = -8*f + 853 + s. What is the tens digit of f?
7
Suppose -n + 2*f - 15 = 0, 3*f - 8 = 5*n + 74. Let x = -275 + 90. Let h = n - x. What is the hundreds digit of h?
1
Let n(h) = 370*h - 16. Let a be n(-1). Let f = a - -907. What is the hundreds digit of f?
5
What is the hundreds digit of 272/(-2312) + 273058/34?
0
Suppose 0 = 3*y + l - 11, 0*l + l - 3 = y. Let d be -2 + 10 + 0/y - 1. What is the tens digit of 375/d - 9/(-21)?
5
Let w be (-4)/16 + 2 + (-9)/(-4). Let t be w/(-34) + (-16545)/255. Let l = -57 - t. What is the units digit of l?
8
Suppose 0 = -4*w - 3*q + 129952, 129952 = 4*w - 72*q + 68*q. What is the thousands digit of w?
2
Let d(c) = 2406*c - 2184. What is the tens digit of d(6)?
5
Let z be (-2046)/(-10) + 30/50*-1. Suppose -209*o = -z*o - 140. What is the units digit of o?
8
Let q(c) = -8*c**2 - 12*c - 36. Let s be q(-7). Let x be (-1 - (-1)/2)/((-2)/s). Let d = x - -204. What is the hundreds digit of d?
1
Let g = -46 - -48. Suppose 2*t + g*i = 560, -5*t = 4*i - 0*i - 1395. What is the tens digit of t?
7
Let o = -78 - -87. Suppose -6 = -12*x + o*x. What is the tens digit of (206/44 - x/11)*38?
7
Suppose 37 = 8*z - 59. What is the tens digit of 9/z - (-3764)/16 - -4?
4
Let v = 617 + 3953. What is the hundreds digit of v?
5
What is the units digit of -4 - -3 - 1179/(-18)*152?
5
Suppose -2*t - 6*h = -3*h - 27, t + 4*h = 26. Suppose 2595 = 11*p - t*p. What is the units digit of p?
9
Suppose -3*u = -5*n - 109092, -22*u - 36374 = -23*u + 5*n. What is the ten thousands digit of u?
3
Suppose 0 = -10*v + 3*v + 28. Suppose f - t - 1 = 0, -v*t + t + 27 = 3*f. What is the units digit of ((-272)/(-10))/(f/25)?
6
Suppose 4*a - 2 = 3*g, -12*a + 4*g = -8*a. Suppose h - a*h = -278. What is the units digit of h?
8
Suppose 113390 = 28*w - 11*w. What is the hundreds digit of w?
6
Let r = -2430 + 5405. What is the hundreds digit of r?
9
Let r be (-5)/((-4)/2 + 3). Let h be (r/(-6)*2*-3)/1. What is the units digit of (2*-97)/(-7 - h)?
7
Suppose 40*h = -6*h + 1435568. What is the units digit of h?
8
Let y be 8/16*((-744)/(-2) + 0). Let d = 382 - y. What is the tens digit of (-5)/((-25)/d)*(-60)/(-24)?
9
Let q be 4/(20/(-15)) - -3. Suppose 0 = u - q*u, x = 5*u + 1397. Suppose -13*p - 3*h + 1401 = -8*p, 5*p + h = x. What is the tens digit of p?
7
Let f(q) = -9*q + 3*q**2 + 2004 + 3*q - 1986. What is the hundreds digit of f(7)?
1
Let j = -3946 - -77063. What is the units digit of j?
7
Suppose 9*i = -3653 - 1963. Let c = i - -873. What is the units digit of c?
9
Let p(j) = -j**3 - j**2 - 1. Let x(k) = -k + 2. Let i be x(4). Let a be p(i). Suppose 5*s = a*s + 212. What is the units digit of s?
6
Let y(j) = 24 - 14 - 219*j - 12. What is the hundreds digit of y(-1)?
2
Let b(n) be the second derivative of n**4/12 + 2*n**2 - 9*n. Let u be b(-3). Let j(q) = -q**3 + 14*q**2 - q + 19. What is the hundreds digit of j(u)?
1
Suppose -3*m - y - 446 - 55 = 0, 3*y = -2*m - 327. Let g(k) = k**3 + 32*k**2 + 85*k - 162. Let z be g(-29). Let d = z - m. What is the units digit of d?
4
Let i = -3200 + 3200. Let u = 19 + -10. Suppose u*l - 3*l - 144 = i. What is the units digit of l?
4
Let h be ((-29)/(-87))/((-2)/(-162)). Suppose 0 = h*u - 10969 - 2936. What is the units digit of u?
5
Suppose -37*v + 1103754 + 29669 = -105966. What is the hundreds digit of v?
4
Let k(w) = 9*w**2 - 14*w + 6. Let j(i) = i**3 - 17*i**2 + 16*i + 4. Suppose -6*p + 3*p = -48. Let t be j(p). What is the tens digit of k(t)?
9
Let p = 3393 - -4561. What is the thousands digit of p?
7
Let t(q) = 171*q**2 + 71*q + 11. What is the thousands digit of t(18)?
6
Let i be 4 - 0*4/(-20). Let m be (-1)/i + (-78)/(-24). What is the units digit of (-40)/((-22)/6 + m)?
0
What is the thousands digit of (-121778)/(-63)*6 - ((-1030)/(-210) - 5)?
1
Let q(c) = -c**3 - c**2 - c + 951. Let n = -222 - -222. What is the hundreds digit of q(n)?
9
Let l = -5323 - -11754. What is the hundreds digit of l?
4
Suppose 0 = -k - 8 + 8. Suppose k = -7*d + 3*d + 2868. What is the units digit of d?
7
Let c(b) = -b**3 + 9*b**2 + b - 12. Let z be c(9). Let g be 0 + 2 + (-162)/z. What is the units digit of (1 - 60/8)/((-4)/g)?
1
Let w(a) = -a + 20. Let o be w(5). Let t(m) = -o - 61*m + 0*m**2 - 2*m**2 - 1 + 22*m. What is the units digit of t(-17)?
9
Let o = 38 - 46. Let f = -6 - o. Suppose 4*b + 35 = -2*t + 157, 2*t = -f*b + 56. What is the tens digit of b?
3
Suppose 3*p + 0*r = 4*r + 132092, 4*r + 88064 = 2*p. What is the hundreds digit of p?
0
Let j(y) = y**3 + y**2 + y + 41. Let a = -13 - -15. Suppose 5*n + 2*n = a*n. What is the tens digit of j(n)?
4
Suppose -5*a = -2*u - 31295, -5*a + 4*u + 31305 = -0*a. What is the hundreds digit of a?
2
Suppose 2*p + 18 = 4*l, 4*l + 3*p = -l + 17. Let u(i) = i**2 - 6*i + 9. Let s be u(l). Suppose -267 = -4*j - 3*r, 6 = r + s. What is the units digit of j?
3
Let a(r) = 5*r**2 - 359*r + 134. What is the thousands digit of a(-39)?
1
Suppose 57190 = -45296*g + 45310*g. What is the hundreds digit of g?
0
Let r be -1*(0 - 1)*(-256)/4. Let b = 120 + r. Suppose 3*w - b = -4*w. What is the units digit of w?
8
Let t(h) = 10*h + 261. Let q be t(-15). Suppose -q*g + 11538 = -105*g. What is the units digit of g?
3
Let r(p) = -4*p + 12. Let x be r(3). Suppose 5*i - 376 = 2*u - 9, x = -3*u - 3. What is the tens digit of i?
7
Let p be (-2 - 2704/(-12))*6/5. Let u = 362 + p. What is the units digit of u?
0
Let p be (-1)/((-47)/(-94) - 1/(-2)). What is the hundreds digit of 55/(-10)*-62 + p/(-1)?
3
Let v(y) = 61*y - 46. Let i be v(1). What is the tens digit of i/20 + (9534/24 - 6)?
9
Let i(g) = -9*g**3 - 20*g**2 - 116*g - 558. What is the hundreds digit of i(-17)?
8
Let q(p) = -2*p**3 + 10*p**2 - 20*p + 21. Suppose -3*d + 20 = 2*r + 30, -4*d + 32 = -3*r. What is the hundreds digit of q(r)?
8
Let r(s) = 16*s**2 - 20*s + 488. What is the thousands digit of r(-20)?
7
Let b be 4 - 60/(3 - -2). Let a(n) = 2*n**2 + n + 16. What is the hundr